 of v and g?
16
Let k(x) = -27*x + 30. Let f be k(-10). Suppose 5*s - 5*r - 375 = 0, -4*s - 4*r = -0*s - f. Calculate the greatest common factor of 120 and s.
15
Suppose -14 = -2*i + 3*m, -5*i + 3*m = 4*m - 35. Let o = i - 4. Let r(a) = -a**2 + 69*a - 906. Let w be r(18). Calculate the highest common factor of w and o.
3
Let l = -93 + 95. Suppose 5*w = -l*k + 115, k = -k + w + 145. Calculate the greatest common factor of 490 and k.
70
Let j(x) = 3*x**2 - 11*x + 8. Let g be j(4). Suppose g*h - 3*h - 3105 = 0. What is the greatest common factor of h and 30?
15
Let u be (-136)/(-10) + 6/(-30)*-2. Let j = 16 + 131. Let s be j/((-9)/12*-2). What is the highest common divisor of u and s?
14
Suppose 109*i - 399840 = 77*i. What is the highest common factor of i and 255?
255
Let r be -2 + (-95)/(-114)*24. Calculate the highest common divisor of 2250 and r.
18
Let u be (-4)/3*9/(-2). Let y(p) = -12*p + 44*p - 3 + 199 + 52. Let f be y(-7). Calculate the highest common factor of f and u.
6
Let x be 22338/((-26)/(-11) + (17 - (-764)/(-44))). What is the highest common factor of 612 and x?
153
Let d be (2/(-5))/(352/40 - 9). Let j = -36 + 44. Calculate the highest common factor of d and j.
2
Suppose 0 = 62*g + 93*g - 1592 - 3988. Calculate the greatest common factor of g and 3582.
18
Let m(t) = t**3 + 6*t**2 + 2*t - 2. Let o be m(-5). Suppose -p = -2*z + 507 - 568, 4*p + 3*z = 266. Calculate the greatest common divisor of p and o.
13
Let a(g) = -g**2 + 158*g - 6012. Let x be a(64). What is the greatest common factor of 4022 and x?
2
Suppose 4*m = -v + 3263, -3*v + 670 = m - 143. Calculate the greatest common factor of m and 3009.
51
Let l be (-278)/(-6) - 5/15. Let o(d) = -6176*d - 6038. Let k be o(-1). What is the highest common divisor of l and k?
46
Let l(b) = b**3 + 5*b**2 + 3*b + 1. Let p be l(-4). Let n be (-1)/((-10)/404) + 3/p. Let w = 58 - n. What is the highest common factor of 17 and w?
17
Let b = -5526 + 6046. Calculate the greatest common divisor of 624 and b.
104
Let r be -12 - 220192/(-288) - 8/(-18). Calculate the highest common divisor of r and 12.
3
Let s(r) = -3*r**2 + 27*r + 111. Let k be s(-3). Let q(h) = 2*h**2 - 10*h - 10. Let f be q(9). Let b = f - 35. Calculate the greatest common divisor of b and k.
3
Let t be (-25)/(-6) - 42/252. What is the greatest common divisor of 564 and t?
4
Suppose -124*y = -23*y + 16*y - 32643. What is the highest common factor of 270 and y?
9
Let j(s) = -s**3 + 4*s**2 + 17*s. Let z be j(6). Suppose 57 = z*b - 11*b. Let d be -16*1/(-3)*9. Calculate the greatest common divisor of b and d.
3
Let x be 270/(-40)*32/(-3). Let n(v) = v**2 - v + 15. Let j be n(0). Suppose -32 = -19*q + j*q. Calculate the highest common divisor of x and q.
8
Let v(s) = -s**3 + 88*s**2 + 23*s - 1980. Let i be v(88). Calculate the greatest common divisor of i and 2827.
11
Let b be ((-36)/(-8))/((-3)/(-28)). Suppose 0 = j + 4*o + 628, 0 = 2*o - o + 1. Let n = -330 - j. Calculate the highest common divisor of n and b.
42
Let x be 5 - (2 - -1) - -8. Suppose x*y - 10 = 30. Let q be (53 - 23)/(6/y*1). What is the greatest common factor of q and 30?
10
Let l be 8096/9 - (-200)/450. Calculate the greatest common factor of l and 1710.
90
Suppose 350*w = 553*w - 33292. Calculate the greatest common factor of 82 and w.
82
Let t = 3616 - 3544. Let a(n) = -3*n**3 + 3*n**2 + 4*n + 10. Let m be a(-4). Calculate the highest common factor of t and m.
18
Let l be 5*1 - (-5254)/74. Suppose 5*d - 5*g - 479 = -3*g, 3*g + 101 = d. What is the greatest common factor of d and l?
19
Let y = -230 - -325. Let x(p) = 11*p**3 + p**2 + p - 3. Let d be x(-2). Let r = d + y. What is the greatest common factor of r and 18?
6
Let i = -22 + 52. Let o = 65 - i. Let r = -31 + o. Calculate the greatest common divisor of 6 and r.
2
Let k = 50 + -48. Let x be ((-7)/14)/((-1)/472) - k. Suppose x = 7*q - 1089. What is the greatest common divisor of q and 27?
27
Let p = -54 + 56. Let d(y) be the third derivative of 15*y**4/8 - 7*y**2. Let t be d(p). Calculate the highest common divisor of t and 30.
30
Let z = -101270 + 101319. Let l(a) = 24*a**3 - 5*a + 3. Let j be l(4). What is the greatest common factor of j and z?
49
Suppose 3*k - 35 = -3*i + k, 5*k + 23 = i. Suppose 0 = i*c - 10*c - 27. What is the greatest common divisor of 288 and c?
9
Let w = 9 + 19. Let i be (-7)/w + (-33)/(-4). Let f be 107 - (i - 4) - -1. Calculate the highest common factor of f and 13.
13
Let j(h) be the first derivative of -11/3*h**3 + 1/4*h**4 + 3*h + 31/2*h**2 + 34. Let f be j(7). Calculate the greatest common factor of f and 2.
2
Let n = -34898 - -37010. Calculate the greatest common divisor of n and 30.
6
Let c be (-13 - -34)*(2 + (-21)/(-9)). Let m = -89 + c. Let q be (16/(-12))/(6/(-27)). Calculate the highest common factor of m and q.
2
Let q be ((-6339)/(-18) - 7) + 39/(-18) + 2. What is the greatest common factor of 30 and q?
15
Let l = 619 - 616. Suppose 5*q = 4*w + 1588, -5*q + 2*w - l*w + 1603 = 0. Calculate the highest common factor of q and 20.
20
Suppose -1331 = -13*r - 357 + 183. What is the greatest common divisor of 3 and r?
1
Let p(y) = 3*y**3 + 13*y**2 + 7*y + 3. Let c be p(-5). Let g = c - -130. Let u be -12*(-5 + 18/4). Calculate the greatest common divisor of u and g.
6
Suppose 4*y - 32*q + 35*q = 129813, 3*y - 5*q - 97338 = 0. What is the highest common divisor of y and 87?
87
Let m(g) = -3*g**3 - 136*g**2 + 75*g + 42. Let k be m(-46). What is the greatest common factor of k and 515?
103
Suppose 12*k = 5*k + 35. Suppose k*c - 27*h - 26 = -23*h, -2*c + 16 = -3*h. Calculate the highest common factor of c and 19.
1
Let z be (32/(-20))/(2/(-5)). Suppose -5*i + 6 + z = 0. Suppose -67*c - 1928 = -3268. What is the highest common factor of i and c?
2
Suppose 18 = 9*q - 0. Suppose l - 21 = -q*h, 0 = 3*h - 5*l - 0*l - 25. Let m = -182 + 194. Calculate the highest common divisor of m and h.
2
Let l(t) = 10*t + 42. Let n be l(5). Suppose -112 = -93*c + n*c. What is the greatest common divisor of c and 70?
14
Suppose 0 = -5*j + z + 121, -z - 4*z = -j + 29. What is the highest common divisor of j and 21?
3
Let r(f) = 63*f**3 - 5*f**2 - 500*f + 2897. Let a be r(6). Calculate the greatest common factor of a and 820.
205
Let u(p) = -p - 4. Let i be u(-17). Suppose 12*f - i*f = 0. Suppose f = -6*l + 47 + 643. Calculate the highest common factor of 46 and l.
23
Suppose 52*m + 1276 = -6*m. Suppose -4*a = -2*b - 86, -16 + 7 = -a + 3*b. Let k = a + m. What is the greatest common factor of 10 and k?
2
Let s(c) = 8*c + 336. Let j be s(8). Calculate the greatest common factor of 1500 and j.
100
Let y(i) = 5*i**2 - 11*i - 5. Let f be y(-6). Suppose f = 7*n - 431. Let v = -94 + n. What is the highest common divisor of v and 10?
2
Suppose -24*z = -5526 - 1170. What is the greatest common factor of z and 403?
31
Let m(p) = 6 - 2 - p - 3. Suppose 4*w = -5*x - w + 5, 2*x + 5*w = 14. Let q be m(x). Calculate the highest common factor of q and 20.
4
Suppose -42 - 48 = -2*w. Let m = 15 + w. Suppose 0 = -a - 2*a - 4*q + 90, 2*q - m = -2*a. What is the highest common divisor of a and 10?
10
Let k = -2573 + 2629. Calculate the highest common divisor of k and 2744.
56
Let v(w) = w**3 - 7*w**2 + 5*w + 14. Suppose 0 = -2*n + 12*n - 60. Let c be v(n). Suppose 0 = -7*z + c*z - 72. What is the highest common factor of 18 and z?
18
Let t = 15 - 22. Let s(c) = -c**3 - 8*c**2 - 9*c - 15. Let h be s(t). Let u be ((-2)/(4/h))/((-3)/(-30)). Calculate the highest common factor of u and 65.
5
Suppose h + 2*p + 71 = 0, -2*h - 198 + 52 = 5*p. Let d = 87 + h. Suppose 2*n - d + 12 = 0. Calculate the highest common divisor of n and 60.
6
Let m = -27669 + 28032. What is the greatest common divisor of 66 and m?
33
Let t be 4*(-37487)/(-646) + (-2)/17. Calculate the greatest common factor of t and 24476.
116
Suppose -7*l = -9*l - 5*b - 13, -4*b - 8 = 2*l. Suppose -19 = 3*d - 1. Let q be 3/d - (-580)/8. Calculate the greatest common factor of q and l.
6
Let d be 814 - ((-6)/3 + -4). Let j = d + -695. Calculate the highest common factor of 5 and j.
5
Suppose 140 = v - 4*p - 2474, -5*v + 5*p = -13115. What is the highest common divisor of v and 78?
26
Let d(g) = 174*g**2 - 9*g - 15. Let p be d(-2). Let y = -496 + p. What is th